48762)). What is the greatest common divisor of k and a?
42
Let f = -1 - -4. Suppose -w + 44 = 3*a, -a + 2*w = -f*a + 28. Suppose 40*h + 285 - 4485 = 0. Calculate the greatest common divisor of a and h.
15
Suppose 7*j + 5 = 8*j. Suppose -2*o + j*h - 50 = -711, 4*h = -o + 350. Calculate the highest common divisor of 26 and o.
26
Let q = -248 + 432. Suppose -o + 11 + q = 0. Calculate the greatest common divisor of 39 and o.
39
Let l be (1 - 202/10)/((-398)/3980). Let d(c) = 2*c - 10. Let f be d(8). Calculate the greatest common divisor of f and l.
6
Let w(p) = 33*p. Let l be w(2). Let o be 3/(-9) + 8/(-3). Let j be (5/o)/(75/(-1980)). Calculate the highest common divisor of l and j.
22
Let a = 6235 + -6041. Suppose -2*t + 10 = 6. What is the highest common divisor of a and t?
2
Let n(m) = 3*m**2 - 172*m - 864. Let v be n(62). Calculate the greatest common divisor of v and 12932.
4
Let b be (-84)/(-2) - (-5 + 8). Suppose -16*d = -19*d + 9. Let z be b/9*(d - (0 - 0)). Calculate the greatest common divisor of 52 and z.
13
Let q = 43 + -3. Suppose 367 + 39 = 5*w + 2*l, l - 3 = 0. Calculate the highest common factor of w and q.
40
Let f(y) = 8*y**2 - 97*y + 438. Let h be f(6). Suppose 54 = 3*s - 2*s. Suppose -3*z + s = 6. What is the greatest common divisor of z and h?
16
Suppose 0 = -3*p + z - 16 + 23, 5*z + 2 = 4*p. Suppose 5*l + f - 10 = 16, 18 = p*l + 3*f. Calculate the highest common factor of 340 and l.
5
Suppose -u = c - 28, -10*u + 2*c - 102 = -14*u. Let f be 2/(-4)*-2*23. Calculate the highest common divisor of u and f.
23
Suppose 45*g - 47*g + 1208 = -2*b, 4*g - 2426 = 2*b. What is the greatest common divisor of g and 261?
87
Suppose 4*i - 82 = 2*q, 19 = -2*i + 5*q + 48. Let j = 385 - 758. Let l = -318 - j. What is the greatest common factor of i and l?
11
Let l = -1972 + 2176. What is the greatest common factor of 51 and l?
51
Suppose -2*f + 39 = l, -13*l + 105 = 5*f - 8*l. Calculate the greatest common divisor of 243 and f.
9
Let q = -10622 - -10945. What is the greatest common divisor of 1632 and q?
17
Suppose 0 = l + 2*m - 260, -5*l + 39*m - 42*m + 1293 = 0. What is the greatest common divisor of l and 215?
43
Let g(m) = 76*m**2 - 9*m - 41. Let t be g(-3). What is the greatest common divisor of t and 938?
134
Suppose -2*p = -4*j + 24, 0 = -j + 9*p - 6*p + 11. Suppose -3*y + 277 = 3*z - 131, -265 = -2*z + j*y. Calculate the highest common factor of 60 and z.
15
Suppose -100 = 10*i - 30*i. Suppose -w - 29*l + 34*l = -67, i*w + 2*l - 362 = 0. What is the highest common factor of 144 and w?
72
Let c(f) = f**3 + 4*f**2 - 2*f - 4. Let a be c(-4). Let z = 52 + -47. Let q = 45 - z. What is the highest common divisor of a and q?
4
Let d(j) = 116*j. Let i be d(3). Suppose -t + i - 84 = 4*m, -5*m + 5*t = -330. Suppose -115*y + 447 + 587 = 344. What is the highest common divisor of y and m?
6
Suppose -4*a - 68 = 5*b - 1677, 0 = -3*a - 2*b + 1212. Calculate the greatest common factor of a and 70.
14
Suppose -3*m = -4*n - 1233, 2*n - 3*m + 162 + 447 = 0. Let h = -276 - n. What is the greatest common factor of h and 45?
9
Suppose 3604 = 3*q - 4*n, -4*q + 2*n + 3226 + 1566 = 0. Suppose 5*p - o - 719 = 2*p, -5*p + 4*o + q = 0. Calculate the greatest common factor of p and 10.
10
Let b = 176 + -21. Let d = -111 + b. Suppose 2*v + 522 = 3*t, -4*v + 315 = 4*t - 401. What is the highest common divisor of t and d?
44
Suppose 3*s = -3*p + 195, p - 3*s - 11 - 50 = 0. Calculate the greatest common factor of p and 1952.
32
Let r = 80 - -128. Suppose 306 = 18*j - j. Let p be (-2530)/(-99) - (-8)/j. What is the greatest common factor of r and p?
26
Let v = 2300 - 1747. What is the highest common divisor of v and 237?
79
Let b = -34254 + 34265. Calculate the highest common divisor of b and 2761.
11
Let m(s) = -2*s + 15*s**3 + 3 - 4 + 3 + s**2 + 0. Let x be m(1). What is the highest common factor of 1 and x?
1
Let h = -9548 - -9599. What is the greatest common factor of 1921 and h?
17
Let y = 2 + 1. Let j = 21 - y. Suppose -3*m - 5*a + 40 = j, 4*m - 2*a = 64. Calculate the highest common factor of 7 and m.
7
Suppose 16*f = 19*f - 3210. Calculate the highest common factor of 2 and f.
2
Suppose 0 + 12 = q. Let g = -26250 - -26550. What is the highest common divisor of q and g?
12
Suppose -214*w - 663 = -211*w. Let p = -194 - w. Let k = 388 - 199. Calculate the greatest common factor of k and p.
27
Let o(d) = 41*d + 10. Let h be o(2). Let r = h - 22. Calculate the highest common factor of 28 and r.
14
Suppose -3*x - 20*l + 15*l + 362 = 0, -4*l = -16. Let t = 91 + -53. Calculate the highest common divisor of x and t.
38
Let x = -11021 - -11076. What is the greatest common divisor of x and 4015?
55
Let t = 114 + -106. Let d be 8/(((-18)/t)/(-9)). Calculate the greatest common divisor of d and 24.
8
Suppose 160*b = -213*b + 91012. Calculate the highest common divisor of b and 1.
1
Let a(i) = 2*i + 24. Let o be a(-11). Suppose 0 = 2*g + 3*w - 8, 0 = g - 0*g - o*w + 3. Let x be 3/(-2)*16/(-3). What is the greatest common factor of x and g?
1
Suppose 2*c + 4*m - 340 = 0, -54*m - 511 = -3*c - 59*m. What is the greatest common factor of 1849 and c?
43
Let v = 8 + -6. Let n be 194/2 - (0 + v). Suppose -2*l + 89*x + 116 = 99*x, l - 5*x = 18. Calculate the greatest common divisor of l and n.
19
Suppose 2*x - 44 = -2*d, 6*d - 76 = -4*x + 8*d. Suppose 48 = x*b - 32. What is the greatest common factor of b and 288?
4
Let k be (-2558)/(-9) - -1 - (-10 + (-1748)/(-171)). Calculate the highest common divisor of k and 30.
15
Let j(g) = 5*g**2 - 242*g - 63. Let k be j(49). What is the greatest common factor of k and 12684?
84
Let m(u) = 3774*u**2 - 19*u + 47. Let h be m(2). Suppose 56*v + 4521 = h. What is the highest common divisor of 108 and v?
27
Suppose -3*z = -404 + 395. Suppose -5*y + 106 = -3*g, 0 = -4*y - g + z*g + 84. Calculate the greatest common divisor of y and 50.
10
Suppose -7*k = -3*k - 224. Suppose 12068*d + 220 = 12071*d + 4*v, -3*v - 171 = -3*d. Calculate the greatest common divisor of d and k.
8
Let q(k) = -k + 1. Let s(o) = -9*o - 343. Let t(z) = q(z) - s(z). Let c be t(-40). Let p be 28/2 - -2 - 0. Calculate the highest common divisor of c and p.
8
Let u = -62 + 64. Let h be (24/4)/(u/4). Suppose 26 = -10*r + h*r. What is the highest common divisor of 26 and r?
13
Let h = -204 - -303. Suppose -4*p - 281 = -q, -p + 4*p = -q - 209. Let s = p + h. What is the greatest common divisor of 261 and s?
29
Let y(z) = -2*z**3 + 6*z**2 + 17*z - 19. Let b be y(7). Let a = b - -306. What is the highest common divisor of a and 154?
14
Let m = -4263 - -4461. Calculate the highest common divisor of m and 14.
2
Suppose 2*f - 148 - 536 = 0. Let l be 73 + (0/(-2) - (1 + -4)). Calculate the greatest common divisor of f and l.
38
Suppose 2*n = 4*v + 7*n - 76, -2*n = -8. Let l be 6/v + 64/14. Let d = 5 + 0. Calculate the highest common factor of d and l.
5
Let i be (291/194)/(((-120)/(-64))/15). Suppose 8 = u - 13. Let y be u + -1 - (1 + -1). What is the highest common factor of y and i?
4
Let y be (-208)/(-12) + (-6)/(-9). Let c be 12386/16 - (0 + 10/80). Calculate the greatest common factor of c and y.
18
Let h = 11917 - 6515. Calculate the highest common factor of 292 and h.
146
Let i = -220 + 223. Suppose i*o + 40 = 49. Let m(y) = -y**2 + 3. Let p be m(0). Calculate the highest common divisor of o and p.
3
Let c be -4 - -6 - 6 - (-18)/(-3). Let m(v) = -v**3 - 21*v + 1 + 3 - 12*v**2 - 2 + 0*v**3. Let k be m(c). What is the greatest common divisor of k and 132?
12
Let w(q) = -2*q + 330 + 0*q + 268 - 158 + 6*q. Let l be w(26). What is the greatest common factor of 64 and l?
32
Suppose -2*h = -5*y + 150 + 24, 0 = -3*y - 2*h + 162. Let u(n) = -n + 168. Let x be (2 - 5/2)*0. Let m be u(x). Calculate the highest common divisor of y and m.
42
Suppose -91*a - 23148 = -404711. What is the highest common divisor of a and 14?
7
Suppose 154 = m - 4*p, -3*m + 3*p - 140 = -4*m. Let w = -128 + m. Calculate the greatest common factor of 126 and w.
18
Let p = -18026 + 24473. Calculate the highest common divisor of 84 and p.
21
Suppose -20 + 11 = -3*f. Suppose f*i + 5*y = -15, -3*y - 4 - 5 = 2*i. Suppose i*t - 48 = -6*t. What is the greatest common divisor of t and 40?
8
Let o(c) = 60*c + 540. Let u